{"id":4857,"date":"2023-03-14T12:20:10","date_gmt":"2023-03-14T12:20:10","guid":{"rendered":"https:\/\/electoralsupportprogramme.mk\/?post_type=nyevents&#038;p=4857"},"modified":"2023-03-14T12:20:10","modified_gmt":"2023-03-14T12:20:10","slug":"%d1%81%d0%be%d0%b1%d0%b8%d1%80-%d0%bd%d0%b0-%d0%b3%d1%80%d0%b0%d1%93%d0%b0%d0%bd%d0%b8-%d1%98%d0%b0%d0%b2%d0%bd%d0%be-%d0%be%d0%b1%d1%80%d0%b0%d1%9c%d0%b0%d1%9a%d0%b5-%d0%bd%d0%b0-%d0%b3%d1%80%d0%b0","status":"publish","type":"nyevents","link":"https:\/\/electoralsupportprogramme.mk\/sq\/nyevents\/%d1%81%d0%be%d0%b1%d0%b8%d1%80-%d0%bd%d0%b0-%d0%b3%d1%80%d0%b0%d1%93%d0%b0%d0%bd%d0%b8-%d1%98%d0%b0%d0%b2%d0%bd%d0%be-%d0%be%d0%b1%d1%80%d0%b0%d1%9c%d0%b0%d1%9a%d0%b5-%d0%bd%d0%b0-%d0%b3%d1%80%d0%b0\/","title":{"rendered":"Mbledhje e qytetar\u00ebve\/fjalim publik para qytetar\u00ebve  \u201cT\u00eb rinjt\u00eb kan\u00eb t\u00eb drejt\u00eb n\u00eb hap\u00ebsir\u00eb t\u00eb tyre p\u00ebr sport dhe rekreacion\u201d"},"content":{"rendered":"<p>N\u00eb kuad\u00ebr t\u00eb iniciativ\u00ebs \u201cT\u00eb rinjt\u00eb kan\u00eb t\u00eb drejt\u00eb n\u00eb hap\u00ebsir\u00ebn e tyre p\u00ebr sport dhe rekreacion\u201d do t\u00eb organizohet ngjarje publike q\u00ebllimi i t\u00eb cil\u00ebs \u00ebsht\u00eb fjalimi publik para qytetar\u00ebve t\u00eb Shuto Orizar\u00ebs p\u00ebr hapjen dhe vendosjen n\u00eb funksion t\u00eb sall\u00ebs sportive t\u00eb nd\u00ebrtuar n\u00eb komun\u00ebn e Shuto Orizar\u00ebs. N\u00eb ngjarje qytetar\u00ebt e rinj do t\u00eb paraqesin p\u00ebrfundimet nga monitorimi i realizuar n\u00eb periudh\u00ebn e kaluar dhe do t\u00eb paraqesin t\u00eb gjith\u00eb rekomandimet deri te pushtetet lokale. Pas ngjarjes, t\u00eb gjith\u00eb p\u00ebrfundimet dhe rekomandimet do t\u00eb d\u00ebrgohen\/dor\u00ebzohen deri tek institucionet kompetente.<\/p>","protected":false},"featured_media":0,"template":"","event_category":[248,85,11],"class_list":["post-4857","nyevents","type-nyevents","status-publish","hentry","event_category-innovative-initiatives-community-mobilizers","event_category-town-hall-discussion","event_category-community-mobilizers"],"acf":[],"_links":{"self":[{"href":"https:\/\/electoralsupportprogramme.mk\/sq\/wp-json\/wp\/v2\/nyevents\/4857"}],"collection":[{"href":"https:\/\/electoralsupportprogramme.mk\/sq\/wp-json\/wp\/v2\/nyevents"}],"about":[{"href":"https:\/\/electoralsupportprogramme.mk\/sq\/wp-json\/wp\/v2\/types\/nyevents"}],"wp:attachment":[{"href":"https:\/\/electoralsupportprogramme.mk\/sq\/wp-json\/wp\/v2\/media?parent=4857"}],"wp:term":[{"taxonomy":"event_category","embeddable":true,"href":"https:\/\/electoralsupportprogramme.mk\/sq\/wp-json\/wp\/v2\/event_category?post=4857"}],"curies":[{"name":"wp","href":"https:\/\/api.w.org\/{rel}","templated":true}]}}

Mbledhje e qytetarëve/fjalim publik para qytetarëve  “Të rinjtë kanë të drejtë në hapësirë të tyre për sport dhe rekreacion”

<p>Në kuadër të iniciativës “Të rinjtë kanë të drejtë në hapësirën e tyre për sport dhe rekreacion” do të organizohet ngjarje publike qëllimi i të cilës është fjalimi publik para qytetarëve të Shuto Orizarës për hapjen dhe vendosjen në funksion të sallës sportive të ndërtuar në komunën e Shuto Orizarës. Në ngjarje qytetarët e rinj do të paraqesin përfundimet nga monitorimi i realizuar në periudhën e kaluar dhe do të paraqesin të gjithë rekomandimet deri te pushtetet lokale. Pas ngjarjes, të gjithë përfundimet dhe rekomandimet do të dërgohen/dorëzohen deri tek institucionet kompetente.</p>
