{"id":2356,"date":"2021-11-26T14:06:49","date_gmt":"2021-11-26T14:06:49","guid":{"rendered":"https:\/\/electoralsupportprogramme.mk\/?post_type=nyevents&#038;p=2356"},"modified":"2021-11-26T14:21:43","modified_gmt":"2021-11-26T14:21:43","slug":"%d1%98%d0%b0%d0%b2%d0%bd%d0%b0-%d1%80%d0%b0%d1%81%d0%bf%d1%80%d0%b0%d0%b2%d0%b0-%d0%be%d1%82%d0%b2%d0%be%d1%80%d0%b0%d1%9a%d0%b5-%d0%bd%d0%b0-%d0%bc%d0%bb%d0%b0%d0%b4%d0%b8%d0%bd%d1%81%d0%ba%d0%b8","status":"publish","type":"nyevents","link":"https:\/\/electoralsupportprogramme.mk\/sq\/nyevents\/%d1%98%d0%b0%d0%b2%d0%bd%d0%b0-%d1%80%d0%b0%d1%81%d0%bf%d1%80%d0%b0%d0%b2%d0%b0-%d0%be%d1%82%d0%b2%d0%be%d1%80%d0%b0%d1%9a%d0%b5-%d0%bd%d0%b0-%d0%bc%d0%bb%d0%b0%d0%b4%d0%b8%d0%bd%d1%81%d0%ba%d0%b8\/","title":{"rendered":"Debat publik: Hapja e nj\u00eb qendre rinore n\u00eb komun\u00ebn e Gjevgjelis\u00eb"},"content":{"rendered":"<p>QRZHQ Gjevgjeli, si an\u00ebtare e KRNM-s\u00eb, m\u00eb 30 n\u00ebntor do t\u00eb organizoj\u00eb debat publik me tem\u00eb \u201cHapja e qendr\u00ebs rinore n\u00eb Komun\u00ebn e Gjevgjelis\u00eb\u201d.<br \/>\nPanelist\u00eb do t\u00eb jen\u00eb kryetari i Komun\u00ebs s\u00eb Gjevgjelis\u00eb, p\u00ebrfaq\u00ebsues t\u00eb organizatave joqeveritare dhe pun\u00ebtor\u00eb rinor\u00eb.<\/p>\n<p>Shihni axhend\u00ebn m\u00eb posht\u00eb p\u00ebr informacion m\u00eb t\u00eb detajuar:<\/p>\n<p>11:00 &#8211; 11:15 Mb\u00ebrritja e pjes\u00ebmarr\u00ebsve,<br \/>\nHapja dhe prezantimi<br \/>\nLaze Trajkov, Moderator<\/p>\n<p>11:15 &#8211; 11:30 Zbatimi i Ligjit p\u00ebr pjes\u00ebmarrjen dhe politikat e t\u00eb rinjve,<br \/>\nAndon Saramandov, kryetar i Komun\u00ebs s\u00eb Gjevgjelis\u00eb<br \/>\nIvana Hadzi-Nikolova, Qendra Rajonale p\u00ebr t\u00eb zhvillim t\u00eb q\u00ebndruesh\u00ebm, Gjevgjeli<\/p>\n<p>11:30 &#8211; 11:50 Dallimi midis k\u00ebshillave rinore lokale, zyrave rinore dhe qendrave rinore<br \/>\nZoran Ilieski, Koalicioni i organizatave rinore, SEGA<br \/>\nDina Mitrovik, pun\u00ebtore rinore, Sindikata p\u00ebr Pun\u00eb Rinore<\/p>\n<p>11:50 &#8211; 12:10 Hyrje n\u00eb Udh\u00ebzimet p\u00ebr hapjen e qendr\u00ebs rinore komunale<\/p>\n<p>Dragan Atanasov, Sindikata p\u00ebr Pun\u00eb Rinore<br \/>\n12:10 &#8211; 12:30 P\u00ebrfitimet e funksionimit t\u00eb nj\u00eb qendre rinore<\/p>\n<p>Gorgi Nancev, menaxher i Qendr\u00ebs Rinore Komunale &#8211; Kavadar<br \/>\n12:30 &#8211; 13:00 \u00c7far\u00eb qendre rinore nevojitet n\u00eb Bashkin\u00eb e Gjevgjeli?<br \/>\nDiskutim i hapur<br \/>\nOra 13:00 Koktel<\/p>","protected":false},"featured_media":0,"template":"","event_category":[85],"class_list":["post-2356","nyevents","type-nyevents","status-publish","hentry","event_category-town-hall-discussion"],"acf":[],"_links":{"self":[{"href":"https:\/\/electoralsupportprogramme.mk\/sq\/wp-json\/wp\/v2\/nyevents\/2356"}],"collection":[{"href":"https:\/\/electoralsupportprogramme.mk\/sq\/wp-json\/wp\/v2\/nyevents"}],"about":[{"href":"https:\/\/electoralsupportprogramme.mk\/sq\/wp-json\/wp\/v2\/types\/nyevents"}],"wp:attachment":[{"href":"https:\/\/electoralsupportprogramme.mk\/sq\/wp-json\/wp\/v2\/media?parent=2356"}],"wp:term":[{"taxonomy":"event_category","embeddable":true,"href":"https:\/\/electoralsupportprogramme.mk\/sq\/wp-json\/wp\/v2\/event_category?post=2356"}],"curies":[{"name":"wp","href":"https:\/\/api.w.org\/{rel}","templated":true}]}}

Debat publik: Hapja e një qendre rinore në komunën e Gjevgjelisë

<p>QRZHQ Gjevgjeli, si anëtare e KRNM-së, më 30 nëntor do të organizojë debat publik me temë “Hapja e qendrës rinore në Komunën e Gjevgjelisë”.<br />
Panelistë do të jenë kryetari i Komunës së Gjevgjelisë, përfaqësues të organizatave joqeveritare dhe punëtorë rinorë.</p>
<p>Shihni axhendën më poshtë për informacion më të detajuar:</p>
<p>11:00 &#8211; 11:15 Mbërritja e pjesëmarrësve,<br />
Hapja dhe prezantimi<br />
Laze Trajkov, Moderator</p>
<p>11:15 &#8211; 11:30 Zbatimi i Ligjit për pjesëmarrjen dhe politikat e të rinjve,<br />
Andon Saramandov, kryetar i Komunës së Gjevgjelisë<br />
Ivana Hadzi-Nikolova, Qendra Rajonale për të zhvillim të qëndrueshëm, Gjevgjeli</p>
<p>11:30 &#8211; 11:50 Dallimi midis këshillave rinore lokale, zyrave rinore dhe qendrave rinore<br />
Zoran Ilieski, Koalicioni i organizatave rinore, SEGA<br />
Dina Mitrovik, punëtore rinore, Sindikata për Punë Rinore</p>
<p>11:50 &#8211; 12:10 Hyrje në Udhëzimet për hapjen e qendrës rinore komunale</p>
<p>Dragan Atanasov, Sindikata për Punë Rinore<br />
12:10 &#8211; 12:30 Përfitimet e funksionimit të një qendre rinore</p>
<p>Gorgi Nancev, menaxher i Qendrës Rinore Komunale &#8211; Kavadar<br />
12:30 &#8211; 13:00 Çfarë qendre rinore nevojitet në Bashkinë e Gjevgjeli?<br />
Diskutim i hapur<br />
Ora 13:00 Koktel</p>
