{"id":2344,"date":"2021-11-18T08:16:15","date_gmt":"2021-11-18T08:16:15","guid":{"rendered":"https:\/\/electoralsupportprogramme.mk\/?post_type=nyevents&#038;p=2344"},"modified":"2021-11-18T13:53:25","modified_gmt":"2021-11-18T13:53:25","slug":"%d1%98%d0%b0%d0%b2%d0%bd%d0%b0-%d1%80%d0%b0%d1%81%d0%bf%d1%80%d0%b0%d0%b2%d0%b0-%d1%88%d1%82%d0%be-%d0%b8%d0%b4%d0%bd%d0%b8%d1%82%d0%b5-%d1%81%d0%be%d0%b2%d0%b5%d1%82%d0%bd%d0%b8%d1%86%d0%b8-%d0%b2","status":"publish","type":"nyevents","link":"https:\/\/electoralsupportprogramme.mk\/sq\/nyevents\/%d1%98%d0%b0%d0%b2%d0%bd%d0%b0-%d1%80%d0%b0%d1%81%d0%bf%d1%80%d0%b0%d0%b2%d0%b0-%d1%88%d1%82%d0%be-%d0%b8%d0%b4%d0%bd%d0%b8%d1%82%d0%b5-%d1%81%d0%be%d0%b2%d0%b5%d1%82%d0%bd%d0%b8%d1%86%d0%b8-%d0%b2\/","title":{"rendered":"Debat Publik  \u00c7far\u00eb do t\u00eb p\u00ebrpiqen t\u00eb b\u00ebjn\u00eb k\u00ebshilltar\u00ebt e ardhsh\u00ebm n\u00eb qytetin ton\u00eb p\u00ebr t\u00eb p\u00ebrmir\u00ebsuar cil\u00ebsin\u00eb e jet\u00ebs s\u00eb t\u00eb rinjve n\u00eb Gostivar si dhe p\u00ebr zbatimin e dispozitave t\u00eb Ligjit p\u00ebr pjes\u00ebmarrjen rinore dhe  politikat rinore?"},"content":{"rendered":"<p><img loading=\"lazy\" decoding=\"async\" class=\"alignnone size-medium wp-image-2350\" src=\"https:\/\/electoralsupportprogramme.mk\/wp-content\/uploads\/2021\/11\/Poster-al-1-1-300x169.jpg\" alt=\"\" width=\"300\" height=\"169\" srcset=\"https:\/\/electoralsupportprogramme.mk\/wp-content\/uploads\/2021\/11\/Poster-al-1-1-300x169.jpg 300w, https:\/\/electoralsupportprogramme.mk\/wp-content\/uploads\/2021\/11\/Poster-al-1-1-1024x576.jpg 1024w, https:\/\/electoralsupportprogramme.mk\/wp-content\/uploads\/2021\/11\/Poster-al-1-1-768x432.jpg 768w, https:\/\/electoralsupportprogramme.mk\/wp-content\/uploads\/2021\/11\/Poster-al-1-1-60x34.jpg 60w, https:\/\/electoralsupportprogramme.mk\/wp-content\/uploads\/2021\/11\/Poster-al-1-1-1536x864.jpg 1536w, https:\/\/electoralsupportprogramme.mk\/wp-content\/uploads\/2021\/11\/Poster-al-1-1.jpg 1920w\" sizes=\"(max-width: 300px) 100vw, 300px\" \/><\/p>\n<p>Sa dhe n\u00eb \u00e7far\u00eb m\u00ebnyre k\u00ebshilltar\u00ebt e sapozgjedhur n\u00eb Gostivar do t\u00eb p\u00ebrpiqen p\u00ebr p\u00ebrmir\u00ebsimin e cil\u00ebsis\u00eb s\u00eb jet\u00ebs s\u00eb t\u00eb rinjve dhe \u00e7far\u00eb do t\u00eb jet\u00eb prioritet p\u00ebr zbatimin e Ligjit p\u00ebr pjes\u00ebmarrje dhe politika rinore n\u00eb k\u00ebt\u00eb komun\u00eb? Arlind Musliu, p\u00ebrfaq\u00ebsues i YEP Gostivar, p\u00ebr k\u00ebto tema do t\u00eb diskutoj\u00eb me t\u00eb ftuarit n\u00eb debatin publike t\u00eb mbajtur m\u00eb 19 n\u00ebntor.<\/p>\n<p>M\u00eb posht\u00eb gjeni agjend\u00ebn e detajuar p\u00ebr k\u00ebt\u00eb ngjarje:<\/p>\n<p>17:00 &#8211; 17:15 <strong>Mbledhja e pjes\u00ebmarr\u00ebsve dhe regjistrimi i tyre<\/strong><br \/>\n17:15 \u2013 17:20 <strong>Hapja oficiale e debatit publik<\/strong><br \/>\nModeratori (Arlind Musliu, p\u00ebrfaq\u00ebsues i YEP Gostivar)<br \/>\n17:20 \u2013 18:00 <strong>\u00c7far\u00eb do t\u00eb p\u00ebrpiqen t\u00eb b\u00ebjn\u00eb k\u00ebshilltar\u00ebt e ardhsh\u00ebm n\u00eb qytetin ton\u00eb p\u00ebr t\u00eb p\u00ebrmir\u00ebsuar cil\u00ebsin\u00eb e jet\u00ebs s\u00eb t\u00eb rinjve n\u00eb Gostivar si dhe p\u00ebr zbatimin e dispozitave t\u00eb Ligjit p\u00ebr pjes\u00ebmarrjen rinore dhe politikat rinore?<\/strong><br \/>\nValbon Limani \u2013 Kryetar i k\u00ebshillit t\u00eb Komun\u00ebs s\u00eb Gostivarit, ASH<br \/>\nVjollca Baftiu Zylbeari \u2013 K\u00ebshilltare e Komun\u00ebs s\u00eb Gostivarit, BDI<br \/>\nAneta Kiroska &#8211; K\u00ebshilltare e Komun\u00ebs s\u00eb Gostivarit, VMRO DPMNE<br \/>\nEma Neskovska &#8211; K\u00ebshilltare e Komun\u00ebs s\u00eb Gostivarit, LSDM<\/p>\n<p>18:00 \u2013 18:10 <strong>\u00c7far\u00eb ndikimi pati YCC tek t\u00eb rinjt\u00eb dhe cilat jan\u00eb planet e ardhshme p\u00ebr zgjerim t\u00eb m\u00ebtejsh\u00ebm?<\/strong><br \/>\nElton Jashari \u2013 P\u00ebrfaq\u00ebsues i YCC Gostivar<br \/>\n18:10 \u2013 18:30 <strong>Diskutim i hapur dhe p\u00ebrmbyllja<\/strong><br \/>\n18:30 \u2013 19:00 <strong>Diskutim joformal dhe njohje me rinin\u00eb<\/strong><\/p>\n<p>&nbsp;<\/p>","protected":false},"featured_media":2348,"template":"","event_category":[85],"class_list":["post-2344","nyevents","type-nyevents","status-publish","has-post-thumbnail","hentry","event_category-town-hall-discussion"],"acf":[],"_links":{"self":[{"href":"https:\/\/electoralsupportprogramme.mk\/sq\/wp-json\/wp\/v2\/nyevents\/2344"}],"collection":[{"href":"https:\/\/electoralsupportprogramme.mk\/sq\/wp-json\/wp\/v2\/nyevents"}],"about":[{"href":"https:\/\/electoralsupportprogramme.mk\/sq\/wp-json\/wp\/v2\/types\/nyevents"}],"wp:featuredmedia":[{"embeddable":true,"href":"https:\/\/electoralsupportprogramme.mk\/sq\/wp-json\/wp\/v2\/media\/2348"}],"wp:attachment":[{"href":"https:\/\/electoralsupportprogramme.mk\/sq\/wp-json\/wp\/v2\/media?parent=2344"}],"wp:term":[{"taxonomy":"event_category","embeddable":true,"href":"https:\/\/electoralsupportprogramme.mk\/sq\/wp-json\/wp\/v2\/event_category?post=2344"}],"curies":[{"name":"wp","href":"https:\/\/api.w.org\/{rel}","templated":true}]}}

Debat Publik  Çfarë do të përpiqen të bëjnë këshilltarët e ardhshëm në qytetin tonë për të përmirësuar cilësinë e jetës së të rinjve në Gostivar si dhe për zbatimin e dispozitave të Ligjit për pjesëmarrjen rinore dhe  politikat rinore?

<p><img loading="lazy" decoding="async" class="alignnone size-medium wp-image-2350" src="https://electoralsupportprogramme.mk/wp-content/uploads/2021/11/Poster-al-1-1-300x169.jpg" alt="" width="300" height="169" srcset="https://electoralsupportprogramme.mk/wp-content/uploads/2021/11/Poster-al-1-1-300x169.jpg 300w, https://electoralsupportprogramme.mk/wp-content/uploads/2021/11/Poster-al-1-1-1024x576.jpg 1024w, https://electoralsupportprogramme.mk/wp-content/uploads/2021/11/Poster-al-1-1-768x432.jpg 768w, https://electoralsupportprogramme.mk/wp-content/uploads/2021/11/Poster-al-1-1-60x34.jpg 60w, https://electoralsupportprogramme.mk/wp-content/uploads/2021/11/Poster-al-1-1-1536x864.jpg 1536w, https://electoralsupportprogramme.mk/wp-content/uploads/2021/11/Poster-al-1-1.jpg 1920w" sizes="(max-width: 300px) 100vw, 300px" /></p>
<p>Sa dhe në çfarë mënyre këshilltarët e sapozgjedhur në Gostivar do të përpiqen për përmirësimin e cilësisë së jetës së të rinjve dhe çfarë do të jetë prioritet për zbatimin e Ligjit për pjesëmarrje dhe politika rinore në këtë komunë? Arlind Musliu, përfaqësues i YEP Gostivar, për këto tema do të diskutojë me të ftuarit në debatin publike të mbajtur më 19 nëntor.</p>
<p>Më poshtë gjeni agjendën e detajuar për këtë ngjarje:</p>
<p>17:00 &#8211; 17:15 <strong>Mbledhja e pjesëmarrësve dhe regjistrimi i tyre</strong><br />
17:15 – 17:20 <strong>Hapja oficiale e debatit publik</strong><br />
Moderatori (Arlind Musliu, përfaqësues i YEP Gostivar)<br />
17:20 – 18:00 <strong>Çfarë do të përpiqen të bëjnë këshilltarët e ardhshëm në qytetin tonë për të përmirësuar cilësinë e jetës së të rinjve në Gostivar si dhe për zbatimin e dispozitave të Ligjit për pjesëmarrjen rinore dhe politikat rinore?</strong><br />
Valbon Limani – Kryetar i këshillit të Komunës së Gostivarit, ASH<br />
Vjollca Baftiu Zylbeari – Këshilltare e Komunës së Gostivarit, BDI<br />
Aneta Kiroska &#8211; Këshilltare e Komunës së Gostivarit, VMRO DPMNE<br />
Ema Neskovska &#8211; Këshilltare e Komunës së Gostivarit, LSDM</p>
<p>18:00 – 18:10 <strong>Çfarë ndikimi pati YCC tek të rinjtë dhe cilat janë planet e ardhshme për zgjerim të mëtejshëm?</strong><br />
Elton Jashari – Përfaqësues i YCC Gostivar<br />
18:10 – 18:30 <strong>Diskutim i hapur dhe përmbyllja</strong><br />
18:30 – 19:00 <strong>Diskutim joformal dhe njohje me rininë</strong></p>
<p>&nbsp;</p>
