{"id":1739,"date":"2021-07-27T13:27:22","date_gmt":"2021-07-27T13:27:22","guid":{"rendered":"https:\/\/electoralsupportprogramme.mk\/?post_type=nyevents&#038;p=1739"},"modified":"2021-08-04T10:30:01","modified_gmt":"2021-08-04T10:30:01","slug":"%d0%ba%d0%be%d1%98-%d1%88%d1%82%d0%be-%d0%ba%d0%be%d1%87%d0%b8-%d0%ba%d1%80%d0%b5%d0%b8%d1%80%d0%b0%d1%9a%d0%b5-%d0%bb%d0%be%d0%ba%d0%b0%d0%bb%d0%bd%d0%b8-%d0%bf%d0%be%d0%bb%d0%b8%d1%82%d0%b8%d0%ba","status":"publish","type":"nyevents","link":"https:\/\/electoralsupportprogramme.mk\/sq\/nyevents\/%d0%ba%d0%be%d1%98-%d1%88%d1%82%d0%be-%d0%ba%d0%be%d1%87%d0%b8-%d0%ba%d1%80%d0%b5%d0%b8%d1%80%d0%b0%d1%9a%d0%b5-%d0%bb%d0%be%d0%ba%d0%b0%d0%bb%d0%bd%d0%b8-%d0%bf%d0%be%d0%bb%d0%b8%d1%82%d0%b8%d0%ba\/","title":{"rendered":"Kush \u00e7far\u00eb pengon? Krijimi i politikave lokale p\u00ebr t\u00eb ndihmuar viktimat e dhun\u00ebs ndaj grave n\u00eb Kumanov\u00eb"},"content":{"rendered":"<p><div style=\"width: 640px;\" class=\"wp-video\"><video class=\"wp-video-shortcode\" id=\"video-1739-2\" width=\"640\" height=\"360\" preload=\"metadata\" controls=\"controls\"><source type=\"video\/mp4\" src=\"https:\/\/electoralsupportprogramme.mk\/wp-content\/uploads\/2021\/07\/162728817515027.mp4?_=2\" \/><a href=\"https:\/\/electoralsupportprogramme.mk\/wp-content\/uploads\/2021\/07\/162728817515027.mp4\">https:\/\/electoralsupportprogramme.mk\/wp-content\/uploads\/2021\/07\/162728817515027.mp4<\/a><\/video><\/div><\/p>\n<p>Iniciativa inovative e Teodora Dimitrovska Kush \u00e7far\u00eb pengon? hulumton faktor\u00ebt q\u00eb pengojn\u00eb zbatimin e Ligjit p\u00ebr parandalimin dhe mbrojtjen ndaj dhun\u00ebs mbi grat\u00eb dhe dhun\u00ebs n\u00eb familje dhe \u00ebsht\u00eb nj\u00eb thirrje p\u00ebr komunitetin lokal p\u00ebr t\u00eb p\u00ebrmir\u00ebsuar mekanizmat p\u00ebr mbrojtjen dhe riintegrimin e viktimave n\u00eb komunitet.<\/p>\n<p>Ngjarja do t\u00eb mbahet m\u00eb 29 korrik n\u00eb Kumanov\u00eb me q\u00ebllim t\u00eb diskutimit t\u00eb p\u00ebrbashk\u00ebt dhe krijimit t\u00eb politikave lokale p\u00ebr k\u00ebt\u00eb \u00e7\u00ebshtje. Orari i planifikuar i ngjarjeve \u00ebsht\u00eb si m\u00eb posht\u00eb:<\/p>\n<p>17:45 &#8211; Regjistrimi i pjes\u00ebmarr\u00ebsve<\/p>\n<p>18:00 &#8211; Fjal\u00ebt e mir\u00ebseardhjes dhe hyrja n\u00eb tem\u00eb<\/p>\n<p>18:10 &#8211; Fjalimi i ekspertes &#8211; Tatjana Stoimenovska<\/p>\n<p>18:20 &#8211; Fjalimi i Kryetarit t\u00eb Komun\u00ebs s\u00eb Kumanov\u00ebs &#8211; Maksim Dimirievski<\/p>\n<p>18:30 &#8211; Fjalim nga Kryetarja e K\u00ebshillit t\u00eb Komun\u00ebs s\u00eb Kumanov\u00ebs &#8211; Atina Murgashanska<\/p>\n<p>18:40 &#8211; Fjalimi i Violeta Bogdanovska &#8211; p\u00ebrfaq\u00ebsuese e SIA Kumanov\u00eb p\u00ebrgjegj\u00ebse p\u00ebr luftimin e krimit t\u00eb k\u00ebtij lloji<\/p>\n<p>18:50 &#8211; Fjalimi i Zyrtarit p\u00ebr Rinin\u00eb n\u00eb Komun\u00ebn e Kumanov\u00ebs, Martin Krstic dhe njohje me mund\u00ebsit\u00eb q\u00eb kan\u00eb t\u00eb rinjt\u00eb n\u00eb komun\u00eb n\u00eb drejtim t\u00eb inicimit t\u00eb politikave lokale<\/p>\n<p>18:55 &#8211; Fjalim i shkurt\u00ebr nga Dimitar Vancov &#8211; President i LIDEM<\/p>\n<p>19:00 &#8211; Prezantimi i Teodora Dimitrovska &#8211; iniciativa p\u00ebrfundimtare dhe zgjidhjet e propozuara p\u00ebr krijimin e nj\u00eb mekanizmi lokal p\u00ebr riintegrimin e viktimave t\u00eb dhun\u00ebs n\u00eb familje.<\/p>","protected":false},"featured_media":0,"template":"","event_category":[10],"class_list":["post-1739","nyevents","type-nyevents","status-publish","hentry","event_category-public-policy-academy"],"acf":[],"_links":{"self":[{"href":"https:\/\/electoralsupportprogramme.mk\/sq\/wp-json\/wp\/v2\/nyevents\/1739"}],"collection":[{"href":"https:\/\/electoralsupportprogramme.mk\/sq\/wp-json\/wp\/v2\/nyevents"}],"about":[{"href":"https:\/\/electoralsupportprogramme.mk\/sq\/wp-json\/wp\/v2\/types\/nyevents"}],"wp:attachment":[{"href":"https:\/\/electoralsupportprogramme.mk\/sq\/wp-json\/wp\/v2\/media?parent=1739"}],"wp:term":[{"taxonomy":"event_category","embeddable":true,"href":"https:\/\/electoralsupportprogramme.mk\/sq\/wp-json\/wp\/v2\/event_category?post=1739"}],"curies":[{"name":"wp","href":"https:\/\/api.w.org\/{rel}","templated":true}]}}

Kush çfarë pengon? Krijimi i politikave lokale për të ndihmuar viktimat e dhunës ndaj grave në Kumanovë

<p><div style="width: 640px;" class="wp-video"><video class="wp-video-shortcode" id="video-1739-2" width="640" height="360" preload="metadata" controls="controls"><source type="video/mp4" src="https://electoralsupportprogramme.mk/wp-content/uploads/2021/07/162728817515027.mp4?_=2" /><a href="https://electoralsupportprogramme.mk/wp-content/uploads/2021/07/162728817515027.mp4">https://electoralsupportprogramme.mk/wp-content/uploads/2021/07/162728817515027.mp4</a></video></div></p>
<p>Iniciativa inovative e Teodora Dimitrovska Kush çfarë pengon? hulumton faktorët që pengojnë zbatimin e Ligjit për parandalimin dhe mbrojtjen ndaj dhunës mbi gratë dhe dhunës në familje dhe është një thirrje për komunitetin lokal për të përmirësuar mekanizmat për mbrojtjen dhe riintegrimin e viktimave në komunitet.</p>
<p>Ngjarja do të mbahet më 29 korrik në Kumanovë me qëllim të diskutimit të përbashkët dhe krijimit të politikave lokale për këtë çështje. Orari i planifikuar i ngjarjeve është si më poshtë:</p>
<p>17:45 &#8211; Regjistrimi i pjesëmarrësve</p>
<p>18:00 &#8211; Fjalët e mirëseardhjes dhe hyrja në temë</p>
<p>18:10 &#8211; Fjalimi i ekspertes &#8211; Tatjana Stoimenovska</p>
<p>18:20 &#8211; Fjalimi i Kryetarit të Komunës së Kumanovës &#8211; Maksim Dimirievski</p>
<p>18:30 &#8211; Fjalim nga Kryetarja e Këshillit të Komunës së Kumanovës &#8211; Atina Murgashanska</p>
<p>18:40 &#8211; Fjalimi i Violeta Bogdanovska &#8211; përfaqësuese e SIA Kumanovë përgjegjëse për luftimin e krimit të këtij lloji</p>
<p>18:50 &#8211; Fjalimi i Zyrtarit për Rininë në Komunën e Kumanovës, Martin Krstic dhe njohje me mundësitë që kanë të rinjtë në komunë në drejtim të inicimit të politikave lokale</p>
<p>18:55 &#8211; Fjalim i shkurtër nga Dimitar Vancov &#8211; President i LIDEM</p>
<p>19:00 &#8211; Prezantimi i Teodora Dimitrovska &#8211; iniciativa përfundimtare dhe zgjidhjet e propozuara për krijimin e një mekanizmi lokal për riintegrimin e viktimave të dhunës në familje.</p>
