{"id":8031,"date":"2025-10-01T10:17:35","date_gmt":"2025-10-01T10:17:35","guid":{"rendered":"https:\/\/electoralsupportprogramme.mk\/?post_type=initiatives2025&#038;p=8031"},"modified":"2026-03-23T12:55:59","modified_gmt":"2026-03-23T12:55:59","slug":"%d0%b7%d0%b4%d1%80%d1%83%d0%b6%d0%b5%d0%bd%d0%b8%d0%b5-%d0%b7%d0%b0-%d1%80%d1%83%d1%80%d0%b0%d0%bb%d0%b5%d0%bd-%d1%80%d0%b0%d0%b7%d0%b2%d0%be%d1%98-%d0%bb%d0%be%d0%ba%d0%b0%d0%bb%d0%bd%d0%b0-%d0%b0","status":"publish","type":"initiatives2025","link":"https:\/\/electoralsupportprogramme.mk\/sq\/initiatives2025\/%d0%b7%d0%b4%d1%80%d1%83%d0%b6%d0%b5%d0%bd%d0%b8%d0%b5-%d0%b7%d0%b0-%d1%80%d1%83%d1%80%d0%b0%d0%bb%d0%b5%d0%bd-%d1%80%d0%b0%d0%b7%d0%b2%d0%be%d1%98-%d0%bb%d0%be%d0%ba%d0%b0%d0%bb%d0%bd%d0%b0-%d0%b0\/","title":{"rendered":"Grupi lokal i veprimit i Shoqat\u00ebs p\u00ebr zhvillimin rural \u201cAgro Lider\u201d"},"content":{"rendered":"<p>Organizata e shoq\u00ebris\u00eb civile \u201cLAG Agro Lider\u201d p\u00ebrve\u00e7 p\u00ebrpjekjeve t\u00eb monitorimit do t\u00eb organizoj\u00eb edhe dy sesione informuese t\u00eb komunitetit p\u00ebr keqp\u00ebrdorimin e resurseve administrative me q\u00ebllim t\u00eb rritjes s\u00eb vet\u00ebdijes s\u00eb komuniteteve lokale n\u00eb nj\u00ebsit\u00eb zgjedhore 4 dhe 5. Ekipi gjithashtu do t\u00eb nxis\u00eb dialogun qytetar me aktor\u00eb t\u00eb ndrysh\u00ebm lokal\u00eb dhe do t&#8217;u shpjegoj\u00eb qytetar\u00ebve t\u00eb Dolnenit dhe Strumic\u00ebs standardet ligjore dhe etike t\u00eb procesit zgjedhor.<\/p>","protected":false},"featured_media":0,"template":"","municipality2022":[281,320],"class_list":["post-8031","initiatives2025","type-initiatives2025","status-publish","hentry","municipality2022-dolneni","municipality2022-strumica"],"acf":[],"_links":{"self":[{"href":"https:\/\/electoralsupportprogramme.mk\/sq\/wp-json\/wp\/v2\/initiatives2025\/8031"}],"collection":[{"href":"https:\/\/electoralsupportprogramme.mk\/sq\/wp-json\/wp\/v2\/initiatives2025"}],"about":[{"href":"https:\/\/electoralsupportprogramme.mk\/sq\/wp-json\/wp\/v2\/types\/initiatives2025"}],"wp:attachment":[{"href":"https:\/\/electoralsupportprogramme.mk\/sq\/wp-json\/wp\/v2\/media?parent=8031"}],"wp:term":[{"taxonomy":"municipality2022","embeddable":true,"href":"https:\/\/electoralsupportprogramme.mk\/sq\/wp-json\/wp\/v2\/municipality2022?post=8031"}],"curies":[{"name":"wp","href":"https:\/\/api.w.org\/{rel}","templated":true}]}}

Grupi lokal i veprimit i Shoqatës për zhvillimin rural “Agro Lider”

<p>Organizata e shoqërisë civile “LAG Agro Lider” përveç përpjekjeve të monitorimit do të organizojë edhe dy sesione informuese të komunitetit për keqpërdorimin e resurseve administrative me qëllim të rritjes së vetëdijes së komuniteteve lokale në njësitë zgjedhore 4 dhe 5. Ekipi gjithashtu do të nxisë dialogun qytetar me aktorë të ndryshëm lokalë dhe do t&#8217;u shpjegojë qytetarëve të Dolnenit dhe Strumicës standardet ligjore dhe etike të procesit zgjedhor.</p>
