{"id":7158,"date":"2025-09-19T14:56:20","date_gmt":"2025-09-19T14:56:20","guid":{"rendered":"https:\/\/electoralsupportprogramme.mk\/?post_type=initiatives2025&#038;p=7158"},"modified":"2026-03-23T12:58:06","modified_gmt":"2026-03-23T12:58:06","slug":"%d1%80%d1%83%d1%80%d0%b0%d0%bb%d0%bd%d0%b0-%d0%b0%d0%ba%d1%86%d0%b8%d1%98%d0%b0-%d0%b7%d0%b0-%d0%bf%d0%be%d1%87%d0%b8%d1%81%d1%82-%d0%b4%d0%b5%d0%bc%d0%b8%d1%80-%d1%85%d0%b8%d1%81%d0%b0%d1%80","status":"publish","type":"initiatives2025","link":"https:\/\/electoralsupportprogramme.mk\/sq\/initiatives2025\/%d1%80%d1%83%d1%80%d0%b0%d0%bb%d0%bd%d0%b0-%d0%b0%d0%ba%d1%86%d0%b8%d1%98%d0%b0-%d0%b7%d0%b0-%d0%bf%d0%be%d1%87%d0%b8%d1%81%d1%82-%d0%b4%d0%b5%d0%bc%d0%b8%d1%80-%d1%85%d0%b8%d1%81%d0%b0%d1%80\/","title":{"rendered":"Aksion rural p\u00ebr nj\u00eb Demir Hisar t\u00eb past\u00ebr"},"content":{"rendered":"<p><span data-sheets-root=\"1\">Menaxhimi jo i duhur i mbeturinave \u00ebsht\u00eb nj\u00eb \u00e7\u00ebshtje e ngutshme n\u00eb zonat rurale t\u00eb Komun\u00ebs s\u00eb Demir Hisarit, ku mungesa e infrastruktur\u00ebs \u00e7on n\u00eb hedhjen e mbeturinave n\u00eb vende t\u00eb paautorizuara si brigjet e lumenjve, fushat dhe an\u00ebt e rrug\u00ebve. Kjo prek banor\u00ebt vendas, familjet, fermer\u00ebt dhe f\u00ebmij\u00ebt, si dhe turist\u00ebt, duke d\u00ebmtuar sh\u00ebndetin publik, biodiversitetin dhe mjedisin natyror.<\/span><\/p>\n<p>Problemi lind nga qasja e kufizuar n\u00eb kontejner\u00ebt e mbeturinave, sh\u00ebrbimet komunale me resurse t\u00eb pamjaftueshme dhe edukimi i pamjaftuesh\u00ebm ekologjik. Deri m\u00eb sot, p\u00ebrgjigjet kan\u00eb qen\u00eb t\u00eb izoluara dhe reaktive, pa t\u00eb dh\u00ebna gjith\u00ebp\u00ebrfshir\u00ebse ose angazhim t\u00eb komunitetit.<\/p>\n<p>Kjo iniciativ\u00eb synon t\u00eb plot\u00ebsoj\u00eb at\u00eb boshll\u00ebk duke hartuar \u00e7\u00ebshtjen, duke rritur nd\u00ebrgjegj\u00ebsimin e publikut, duke mobilizuar veprimin lokal dhe duke mb\u00ebshtetur zhvillimin e politikave t\u00eb q\u00ebndrueshme dhe t\u00eb koordinuara t\u00eb menaxhimit t\u00eb mbetjeve.<\/p>","protected":false},"featured_media":0,"template":"","municipality2022":[279],"class_list":["post-7158","initiatives2025","type-initiatives2025","status-publish","hentry","municipality2022-demir-hisar"],"acf":[],"_links":{"self":[{"href":"https:\/\/electoralsupportprogramme.mk\/sq\/wp-json\/wp\/v2\/initiatives2025\/7158"}],"collection":[{"href":"https:\/\/electoralsupportprogramme.mk\/sq\/wp-json\/wp\/v2\/initiatives2025"}],"about":[{"href":"https:\/\/electoralsupportprogramme.mk\/sq\/wp-json\/wp\/v2\/types\/initiatives2025"}],"wp:attachment":[{"href":"https:\/\/electoralsupportprogramme.mk\/sq\/wp-json\/wp\/v2\/media?parent=7158"}],"wp:term":[{"taxonomy":"municipality2022","embeddable":true,"href":"https:\/\/electoralsupportprogramme.mk\/sq\/wp-json\/wp\/v2\/municipality2022?post=7158"}],"curies":[{"name":"wp","href":"https:\/\/api.w.org\/{rel}","templated":true}]}}

Aksion rural për një Demir Hisar të pastër

<p><span data-sheets-root="1">Menaxhimi jo i duhur i mbeturinave është një çështje e ngutshme në zonat rurale të Komunës së Demir Hisarit, ku mungesa e infrastrukturës çon në hedhjen e mbeturinave në vende të paautorizuara si brigjet e lumenjve, fushat dhe anët e rrugëve. Kjo prek banorët vendas, familjet, fermerët dhe fëmijët, si dhe turistët, duke dëmtuar shëndetin publik, biodiversitetin dhe mjedisin natyror.</span></p>
<p>Problemi lind nga qasja e kufizuar në kontejnerët e mbeturinave, shërbimet komunale me resurse të pamjaftueshme dhe edukimi i pamjaftueshëm ekologjik. Deri më sot, përgjigjet kanë qenë të izoluara dhe reaktive, pa të dhëna gjithëpërfshirëse ose angazhim të komunitetit.</p>
<p>Kjo iniciativë synon të plotësojë atë boshllëk duke hartuar çështjen, duke rritur ndërgjegjësimin e publikut, duke mobilizuar veprimin lokal dhe duke mbështetur zhvillimin e politikave të qëndrueshme dhe të koordinuara të menaxhimit të mbetjeve.</p>
