{"id":7153,"date":"2025-09-19T14:43:27","date_gmt":"2025-09-19T14:43:27","guid":{"rendered":"https:\/\/electoralsupportprogramme.mk\/?post_type=initiatives2025&#038;p=7153"},"modified":"2026-03-23T13:01:50","modified_gmt":"2026-03-23T13:01:50","slug":"%d0%bf%d1%80%d0%b0%d0%b2%d0%be-%d0%bd%d0%b0-%d0%bf%d1%80%d0%b5%d0%b2%d0%be%d0%b7-%d0%b7%d0%b0-%d1%88%d1%83%d1%82%d0%be-%d0%be%d1%80%d0%b8%d0%b7%d0%b0%d1%80%d0%b8","status":"publish","type":"initiatives2025","link":"https:\/\/electoralsupportprogramme.mk\/sq\/initiatives2025\/%d0%bf%d1%80%d0%b0%d0%b2%d0%be-%d0%bd%d0%b0-%d0%bf%d1%80%d0%b5%d0%b2%d0%be%d0%b7-%d0%b7%d0%b0-%d1%88%d1%83%d1%82%d0%be-%d0%be%d1%80%d0%b8%d0%b7%d0%b0%d1%80%d0%b8\/","title":{"rendered":"E drejta e transportit p\u00ebr Shuto Orizar\u00eb"},"content":{"rendered":"<p><span data-sheets-root=\"1\">Komuna e Shuto Orizar\u00ebs p\u00ebrballet me sfida t\u00eb vazhdueshme me nj\u00eb sistem transporti publik jo t\u00eb besuesh\u00ebm dhe t\u00eb lidhur dob\u00ebt. Rrug\u00ebt e parregullta, pritjet e gjata dhe automjetet e mbipopulluara kufizojn\u00eb qasjen e banor\u00ebve n\u00eb arsim, pun\u00eb, kujdes sh\u00ebndet\u00ebsor dhe sh\u00ebrbime t\u00eb tjera. Grat\u00eb, student\u00ebt, t\u00eb moshuarit dhe familjet me t\u00eb ardhura t\u00eb ul\u00ebta jan\u00eb m\u00eb t\u00eb prekurat.<\/span><\/p>\n<p>Pavar\u00ebsisht vet\u00ebdij\u00ebsimit t\u00eb komunitetit, nuk \u00ebsht\u00eb zhvilluar asnj\u00eb vler\u00ebsim gjith\u00ebp\u00ebrfshir\u00ebs ose zgjidhje e q\u00ebndrueshme. Kjo iniciativ\u00eb do t\u00eb kryej\u00eb anketa, intervista dhe konsultime me banor\u00ebt, komun\u00ebn dhe ofruesit e transportit p\u00ebr t\u00eb identifikuar pengesat dhe nevojat. Ajo do t\u00eb p\u00ebrfshij\u00eb gjithashtu nj\u00eb studim t\u00eb fizibilitetit financiar dhe nj\u00eb fushat\u00eb p\u00ebr vet\u00ebdij\u00ebsim t\u00eb publikut p\u00ebr t\u00eb inkurajuar angazhimin e qytetar\u00ebve.<\/p>\n<p>Rezultatet e pritshme jan\u00eb mir\u00ebkuptim m\u00eb i qart\u00eb institucional, rekomandime vepruese dhe bashk\u00ebpunim m\u00eb i fort\u00eb drejt nj\u00eb l\u00ebvizshm\u00ebrie t\u00eb barabart\u00eb dhe t\u00eb p\u00ebrmir\u00ebsuar urbane.<\/p>","protected":false},"featured_media":0,"template":"","municipality2022":[329],"class_list":["post-7153","initiatives2025","type-initiatives2025","status-publish","hentry","municipality2022-skopje"],"acf":[],"_links":{"self":[{"href":"https:\/\/electoralsupportprogramme.mk\/sq\/wp-json\/wp\/v2\/initiatives2025\/7153"}],"collection":[{"href":"https:\/\/electoralsupportprogramme.mk\/sq\/wp-json\/wp\/v2\/initiatives2025"}],"about":[{"href":"https:\/\/electoralsupportprogramme.mk\/sq\/wp-json\/wp\/v2\/types\/initiatives2025"}],"wp:attachment":[{"href":"https:\/\/electoralsupportprogramme.mk\/sq\/wp-json\/wp\/v2\/media?parent=7153"}],"wp:term":[{"taxonomy":"municipality2022","embeddable":true,"href":"https:\/\/electoralsupportprogramme.mk\/sq\/wp-json\/wp\/v2\/municipality2022?post=7153"}],"curies":[{"name":"wp","href":"https:\/\/api.w.org\/{rel}","templated":true}]}}

E drejta e transportit për Shuto Orizarë

<p><span data-sheets-root="1">Komuna e Shuto Orizarës përballet me sfida të vazhdueshme me një sistem transporti publik jo të besueshëm dhe të lidhur dobët. Rrugët e parregullta, pritjet e gjata dhe automjetet e mbipopulluara kufizojnë qasjen e banorëve në arsim, punë, kujdes shëndetësor dhe shërbime të tjera. Gratë, studentët, të moshuarit dhe familjet me të ardhura të ulëta janë më të prekurat.</span></p>
<p>Pavarësisht vetëdijësimit të komunitetit, nuk është zhvilluar asnjë vlerësim gjithëpërfshirës ose zgjidhje e qëndrueshme. Kjo iniciativë do të kryejë anketa, intervista dhe konsultime me banorët, komunën dhe ofruesit e transportit për të identifikuar pengesat dhe nevojat. Ajo do të përfshijë gjithashtu një studim të fizibilitetit financiar dhe një fushatë për vetëdijësim të publikut për të inkurajuar angazhimin e qytetarëve.</p>
<p>Rezultatet e pritshme janë mirëkuptim më i qartë institucional, rekomandime vepruese dhe bashkëpunim më i fortë drejt një lëvizshmërie të barabartë dhe të përmirësuar urbane.</p>
