{"id":7148,"date":"2025-09-19T14:28:50","date_gmt":"2025-09-19T14:28:50","guid":{"rendered":"https:\/\/electoralsupportprogramme.mk\/?post_type=initiatives2025&#038;p=7148"},"modified":"2026-03-23T13:03:42","modified_gmt":"2026-03-23T13:03:42","slug":"%d0%bc%d0%bb%d0%b0%d0%b4%d0%b8%d0%bd%d1%81%d0%ba%d0%b8-%d1%86%d0%b5%d0%bd%d1%82%d0%b0%d1%80-%d0%b2%d0%be-%d1%82%d0%b5%d1%82%d0%be%d0%b2%d0%be","status":"publish","type":"initiatives2025","link":"https:\/\/electoralsupportprogramme.mk\/sq\/initiatives2025\/%d0%bc%d0%bb%d0%b0%d0%b4%d0%b8%d0%bd%d1%81%d0%ba%d0%b8-%d1%86%d0%b5%d0%bd%d1%82%d0%b0%d1%80-%d0%b2%d0%be-%d1%82%d0%b5%d1%82%d0%be%d0%b2%d0%be\/","title":{"rendered":"Qendra rinore n\u00eb Tetov\u00eb"},"content":{"rendered":"<p><span data-sheets-root=\"1\">Tetova p\u00ebrballet me nj\u00eb munges\u00eb kritike t\u00eb infrastruktur\u00ebs q\u00eb mb\u00ebshtet zhvillimin e t\u00eb rinjve dhe pjes\u00ebmarrjen e komunitetit, pa asnj\u00eb qend\u00ebr rinore funksionale p\u00ebr moshat 15 deri n\u00eb 29 vje\u00e7. Ky hendek ndikon ve\u00e7an\u00ebrisht te t\u00eb rinjt\u00eb e margjinalizuar, multietnik\u00eb dhe me t\u00eb ardhura t\u00eb ul\u00ebta, duke kontribuar n\u00eb p\u00ebrjashtim, angazhim t\u00eb ul\u00ebt qytetar dhe c\u00ebnueshm\u00ebri ndaj rreziqeve sociale.<br \/>\nIniciativa do t\u00eb p\u00ebrfshij\u00eb n\u00eb m\u00ebnyr\u00eb aktive t\u00eb rinjt\u00eb p\u00ebrmes anketave dhe grupeve t\u00eb fokusit p\u00ebr t\u00eb identifikuar nevojat dhe p\u00ebr t\u00eb bashk\u00eb-krijuar nj\u00eb koncept t\u00eb qendr\u00ebs rinore. Nj\u00eb analiz\u00eb institucionale dhe intervista me pal\u00ebt e interesuara do t\u00eb vler\u00ebsojn\u00eb kapacitetin komunal dhe hap\u00ebsirat e mundshme. Arkitekt\u00ebt do t\u00eb ndihmojn\u00eb n\u00eb hartimin e planeve t\u00eb p\u00ebrshtatjes, nd\u00ebrsa ngjarjet publike dhe nj\u00eb fushat\u00eb digjitale do t\u00eb nd\u00ebrtojn\u00eb mb\u00ebshtetje m\u00eb t\u00eb gjer\u00eb t\u00eb komunitetit.<br \/>\nRezultatet e pritshme p\u00ebrfshijn\u00eb nj\u00eb koncept t\u00eb qendr\u00ebs rinore me pjes\u00ebmarrje, rritje t\u00eb mb\u00ebshtetjes s\u00eb komunitetit dhe hapa fillestar\u00eb drejt mb\u00ebshtetjes s\u00eb q\u00ebndrueshme institucionale dhe financiare.<br \/>\n<\/span><\/p>","protected":false},"featured_media":0,"template":"","municipality2022":[323],"class_list":["post-7148","initiatives2025","type-initiatives2025","status-publish","hentry","municipality2022-tetovo"],"acf":[],"_links":{"self":[{"href":"https:\/\/electoralsupportprogramme.mk\/sq\/wp-json\/wp\/v2\/initiatives2025\/7148"}],"collection":[{"href":"https:\/\/electoralsupportprogramme.mk\/sq\/wp-json\/wp\/v2\/initiatives2025"}],"about":[{"href":"https:\/\/electoralsupportprogramme.mk\/sq\/wp-json\/wp\/v2\/types\/initiatives2025"}],"wp:attachment":[{"href":"https:\/\/electoralsupportprogramme.mk\/sq\/wp-json\/wp\/v2\/media?parent=7148"}],"wp:term":[{"taxonomy":"municipality2022","embeddable":true,"href":"https:\/\/electoralsupportprogramme.mk\/sq\/wp-json\/wp\/v2\/municipality2022?post=7148"}],"curies":[{"name":"wp","href":"https:\/\/api.w.org\/{rel}","templated":true}]}}

Qendra rinore në Tetovë

<p><span data-sheets-root="1">Tetova përballet me një mungesë kritike të infrastrukturës që mbështet zhvillimin e të rinjve dhe pjesëmarrjen e komunitetit, pa asnjë qendër rinore funksionale për moshat 15 deri në 29 vjeç. Ky hendek ndikon veçanërisht te të rinjtë e margjinalizuar, multietnikë dhe me të ardhura të ulëta, duke kontribuar në përjashtim, angazhim të ulët qytetar dhe cënueshmëri ndaj rreziqeve sociale.<br />
Iniciativa do të përfshijë në mënyrë aktive të rinjtë përmes anketave dhe grupeve të fokusit për të identifikuar nevojat dhe për të bashkë-krijuar një koncept të qendrës rinore. Një analizë institucionale dhe intervista me palët e interesuara do të vlerësojnë kapacitetin komunal dhe hapësirat e mundshme. Arkitektët do të ndihmojnë në hartimin e planeve të përshtatjes, ndërsa ngjarjet publike dhe një fushatë digjitale do të ndërtojnë mbështetje më të gjerë të komunitetit.<br />
Rezultatet e pritshme përfshijnë një koncept të qendrës rinore me pjesëmarrje, rritje të mbështetjes së komunitetit dhe hapa fillestarë drejt mbështetjes së qëndrueshme institucionale dhe financiare.<br />
</span></p>
