{"id":7147,"date":"2025-09-19T14:27:25","date_gmt":"2025-09-19T14:27:25","guid":{"rendered":"https:\/\/electoralsupportprogramme.mk\/?post_type=initiatives2025&#038;p=7147"},"modified":"2026-03-23T13:03:59","modified_gmt":"2026-03-23T13:03:59","slug":"%d0%bc%d1%83%d0%bb%d1%82%d0%b8%d0%ba%d1%83%d0%bb%d1%82%d1%83%d1%80%d0%b5%d0%bd-%d0%bc%d0%bb%d0%b0%d0%b4%d0%b8%d0%bd%d1%81%d0%ba%d0%b8-%d1%86%d0%b5%d0%bd%d1%82%d0%b0%d1%80-%d0%b2%d0%be-%d0%be%d0%bf","status":"publish","type":"initiatives2025","link":"https:\/\/electoralsupportprogramme.mk\/sq\/initiatives2025\/%d0%bc%d1%83%d0%bb%d1%82%d0%b8%d0%ba%d1%83%d0%bb%d1%82%d1%83%d1%80%d0%b5%d0%bd-%d0%bc%d0%bb%d0%b0%d0%b4%d0%b8%d0%bd%d1%81%d0%ba%d0%b8-%d1%86%d0%b5%d0%bd%d1%82%d0%b0%d1%80-%d0%b2%d0%be-%d0%be%d0%bf\/","title":{"rendered":"Qendra rinore multikulturore n\u00eb Komun\u00ebn e \u00c7airit"},"content":{"rendered":"<p><span data-sheets-root=\"1\">Komun\u00ebs s\u00eb \u00c7airit i mungon nj\u00eb qend\u00ebr rinore funksionale p\u00ebr t\u00eb siguruar nj\u00eb hap\u00ebsir\u00eb gjith\u00ebp\u00ebrfshir\u00ebse, t\u00eb sigurt dhe t\u00eb p\u00ebrqendruar n\u00eb zhvillim p\u00ebr popullsin\u00eb e saj t\u00eb re t\u00eb larmishme. Kjo munges\u00eb \u00e7on n\u00eb angazhim t\u00eb ul\u00ebt t\u00eb t\u00eb rinjve, shk\u00ebmbim t\u00eb kufizuar nd\u00ebrkulturor dhe mund\u00ebsi t\u00eb pakta p\u00ebr nd\u00ebrtimin e aft\u00ebsive dhe pjes\u00ebmarrjen qytetare.<br \/>\nObjektet aktuale jan\u00eb t\u00eb pap\u00ebrshtatshme dhe jo miq\u00ebsore p\u00ebr t\u00eb rinjt\u00eb, duke l\u00ebn\u00eb shum\u00eb t\u00eb rinj pa mb\u00ebshtetje t\u00eb strukturuar ose hap\u00ebsira p\u00ebr aktivitete sociale dhe krijuese.<br \/>\nKjo iniciativ\u00eb do t\u00eb angazhoj\u00eb t\u00eb rinjt\u00eb p\u00ebrmes anketave, grupeve t\u00eb fokusit dhe konsultimeve me zyrtar\u00ebt komunal\u00eb p\u00ebr t\u00eb bashk\u00eb-krijuar nj\u00eb koncept t\u00eb qendr\u00ebs rinore multikulturore. Nj\u00eb fushat\u00eb publike do t\u00eb nd\u00ebrtoj\u00eb vet\u00ebdije dhe mb\u00ebshtetje.<br \/>\nRezultatet e pritshme p\u00ebrfshijn\u00eb nevojat e dokumentuara t\u00eb t\u00eb rinjve, rritjen e pjes\u00ebmarrjes, mb\u00ebshtetjen komunale, nj\u00eb koncept t\u00eb q\u00ebndruesh\u00ebm t\u00eb qendr\u00ebs me buxhet, rritjen e dukshm\u00ebris\u00eb publike dhe p\u00ebrforcimin e bashk\u00ebpunimit nd\u00ebretnik.<br \/>\n<\/span><\/p>","protected":false},"featured_media":0,"template":"","municipality2022":[329],"class_list":["post-7147","initiatives2025","type-initiatives2025","status-publish","hentry","municipality2022-skopje"],"acf":[],"_links":{"self":[{"href":"https:\/\/electoralsupportprogramme.mk\/sq\/wp-json\/wp\/v2\/initiatives2025\/7147"}],"collection":[{"href":"https:\/\/electoralsupportprogramme.mk\/sq\/wp-json\/wp\/v2\/initiatives2025"}],"about":[{"href":"https:\/\/electoralsupportprogramme.mk\/sq\/wp-json\/wp\/v2\/types\/initiatives2025"}],"wp:attachment":[{"href":"https:\/\/electoralsupportprogramme.mk\/sq\/wp-json\/wp\/v2\/media?parent=7147"}],"wp:term":[{"taxonomy":"municipality2022","embeddable":true,"href":"https:\/\/electoralsupportprogramme.mk\/sq\/wp-json\/wp\/v2\/municipality2022?post=7147"}],"curies":[{"name":"wp","href":"https:\/\/api.w.org\/{rel}","templated":true}]}}

Qendra rinore multikulturore në Komunën e Çairit

<p><span data-sheets-root="1">Komunës së Çairit i mungon një qendër rinore funksionale për të siguruar një hapësirë gjithëpërfshirëse, të sigurt dhe të përqendruar në zhvillim për popullsinë e saj të re të larmishme. Kjo mungesë çon në angazhim të ulët të të rinjve, shkëmbim të kufizuar ndërkulturor dhe mundësi të pakta për ndërtimin e aftësive dhe pjesëmarrjen qytetare.<br />
Objektet aktuale janë të papërshtatshme dhe jo miqësore për të rinjtë, duke lënë shumë të rinj pa mbështetje të strukturuar ose hapësira për aktivitete sociale dhe krijuese.<br />
Kjo iniciativë do të angazhojë të rinjtë përmes anketave, grupeve të fokusit dhe konsultimeve me zyrtarët komunalë për të bashkë-krijuar një koncept të qendrës rinore multikulturore. Një fushatë publike do të ndërtojë vetëdije dhe mbështetje.<br />
Rezultatet e pritshme përfshijnë nevojat e dokumentuara të të rinjve, rritjen e pjesëmarrjes, mbështetjen komunale, një koncept të qëndrueshëm të qendrës me buxhet, rritjen e dukshmërisë publike dhe përforcimin e bashkëpunimit ndëretnik.<br />
</span></p>
